 4*l - 8. Give u(-5).
-63
Let j(m) = -2*m**2 - 4*m + 17. What is j(-4)?
1
Let u(y) = 2*y**2 + 9*y - 7. Give u(-5).
-2
Let o(a) = -a**3 - 10*a**2 - 8*a. Determine o(-9).
-9
Let o(g) = g + 27. Calculate o(-18).
9
Let n(w) = -2*w**2 + 6*w - 2. Give n(3).
-2
Let g(c) = c**2 - 7*c + 13. Determine g(6).
7
Let a(r) = -2*r**3 + r**2 - r + 2. Determine a(3).
-46
Let x(v) = -v**3 + 18*v**2 + 16*v - 9. Determine x(19).
-66
Let o(p) = -p**2 + 16*p - 1. Determine o(16).
-1
Let u(l) = -l**3 - 14*l**2 - 2*l - 27. Give u(-14).
1
Let v(r) = -5*r**3 - 3*r + 2. Give v(1).
-6
Let r(c) = -c**2 - 5*c + 3. Give r(-6).
-3
Let f(w) = -11*w**2 + 54*w + 9. Calculate f(5).
4
Let c(f) = 8*f**2 + 30*f + 3. Determine c(-4).
11
Let d(u) = u**3 - 4*u**2 - 6*u + 3. Determine d(-3).
-42
Let f(v) = 4*v + 26. What is f(-7)?
-2
Let i(u) = u**3 + 3*u**2 - 5*u - 5. Calculate i(-4).
-1
Let g(q) = -19*q - 5. Determine g(2).
-43
Let i(c) = -c**3 - 13*c**2 - 23*c + 13. Determine i(-11).
24
Let f(c) = c**2 + 3*c - 19. What is f(-6)?
-1
Let t(j) = j**3 - 20*j**2 + 3*j - 67. Calculate t(20).
-7
Let i(q) = 2*q - 3. Calculate i(-4).
-11
Let j(v) = v**3 + 2*v**2 - 2*v - 1. Give j(-2).
3
Let n(c) = 2*c**2 - 50*c - 118. What is n(27)?
-10
Let o(w) = -9*w**3 + 2*w**2 + 6*w + 2. What is o(-2)?
70
Let g(m) = 3*m**2 - m + 6. Give g(6).
108
Let c(i) = 4*i + 41. What is c(-10)?
1
Let p(b) = 4*b**2 + 5*b + 2. Determine p(-3).
23
Let d(z) = -15*z**2 + z. Calculate d(-1).
-16
Let g(i) = i**3 - 4*i**2 + 3*i + 4. What is g(3)?
4
Let p(j) = 2*j**2 - 6*j - 2. What is p(5)?
18
Let s(g) = 2*g - 2. Determine s(0).
-2
Let c(b) = -b**3 + b**2 + 7*b - 1. What is c(3)?
2
Let w(h) = h**3 + 4*h**2 - 3*h + 4. Determine w(-6).
-50
Let l(r) = r**3 + 2*r**2 + 1. Give l(-4).
-31
Let r(u) = -u**3 + 5*u**2 + 9*u - 3. Give r(7).
-38
Let g(c) = -c**2 + 29*c + 93. What is g(32)?
-3
Let p(r) = 140*r - 980. Calculate p(7).
0
Let y(r) = r**2 + 6*r + 7. Calculate y(-4).
-1
Let d(g) = -7*g + 2. Give d(-5).
37
Let s(n) = 2*n + 114. What is s(-60)?
-6
Let y(l) = 12*l - 2. Give y(1).
10
Let c(v) = v**3 - 17*v**2 + 15*v + 27. Determine c(16).
11
Let m(s) = s - 5. What is m(8)?
3
Let w(a) = 3*a**3 - 9*a**2 - 5*a + 7. Give w(3).
-8
Let z(g) = -g**2 + 18*g - 11. Calculate z(17).
6
Let u(m) = 13*m**2 + 259*m - 11. Give u(-20).
9
Let n(b) = -4*b + 26. Determine n(15).
-34
Let v(o) = o**2 - 9*o + 3. Give v(10).
13
Let j(u) = u**3 + 8*u**2 - 5*u - 20. What is j(-8)?
20
Let c(d) = d**3 + 23*d**2 - d - 23. Determine c(-23).
0
Let f(i) = i**3 + 2*i**2 + 37. What is f(0)?
37
Let o(j) = -2*j**2 + 8*j + 31. Calculate o(7).
-11
Let o(u) = -u**2 - 10*u - 9. Give o(-10).
-9
Let x(n) = -n**3 - 20*n**2 + n + 11. Give x(-20).
-9
Let o(t) = -t**3 + 4*t**2 + 4*t - 44. Determine o(4).
-28
Let o(n) = 3*n**2 + 76*n + 100. Calculate o(-24).
4
Let v(t) = -31*t - 2. Calculate v(-5).
153
Let b(z) = -3*z + 5. Calculate b(6).
-13
Let n(d) = -d + 14. Calculate n(7).
7
Let c(o) = -17*o - 156. Give c(-9).
-3
Let s(k) = -27*k - 91. Calculate s(-3).
-10
Let x(j) = j**3 - 10*j**2 + 22*j + 7. Determine x(6).
-5
Let l(b) = -21*b**3 + 5*b**2 + 4*b - 2. Determine l(-1).
20
Let d(v) = -5*v + 130. Calculate d(23).
15
Let l(i) = 5*i**2 - i - 2. Calculate l(-1).
4
Let m(n) = -n**2 + 42*n - 325. Give m(10).
-5
Let w(l) = l**2 - 10*l + 1. Give w(10).
1
Let z(p) = -p**2 + 9*p - 9. What is z(7)?
5
Let x(w) = w**3 + 7*w**2 + 5*w. Determine x(-6).
6
Let z(o) = o**3 + 12*o**2 - o - 24. Determine z(-12).
-12
Let h(s) = -3*s + 48. What is h(21)?
-15
Let j(z) = -z**3 - 13*z**2 - 11*z - 2. What is j(-12)?
-14
Let l(a) = -158*a**3 + a**2 + 4*a + 2. Calculate l(-1).
157
Let n(l) = -11*l**2 + 12. Determine n(-3).
-87
Let o(i) = -i**3 + 22*i**2 + 30*i + 426. Determine o(24).
-6
Let b(m) = -17*m + 641. Calculate b(37).
12
Let c(i) = 2*i**3 + i**2 + 48. Give c(0).
48
Let i(d) = -d**2 - 20*d - 6. What is i(-20)?
-6
Let k(y) = -y**3 + y**2 - y + 1. What is k(0)?
1
Let t(r) = r**3 + 9*r**2 - 8. Determine t(-4).
72
Let k(c) = 2*c**3 + 3*c + 7. Determine k(0).
7
Let g(w) = 28*w - 138. Give g(5).
2
Let j(g) = -g**2 - 10*g - 12. Calculate j(-8).
4
Let z(i) = -i**3 + 10*i**2 - 15*i + 10. Calculate z(9).
-44
Let j(o) = 31*o + 495. Give j(-16).
-1
Let m(z) = 17*z - 1. What is m(4)?
67
Let z(p) = -7*p**2 - p. Give z(-1).
-6
Let r(o) = o**3 + 6*o**2 + 6*o + 3. Calculate r(-5).
-2
Let t(q) = q**3 + 5*q**2 + q + 16. Calculate t(-7).
-89
Let n(r) = -5*r + 10. Give n(0).
10
Let m(y) = -y**2 + 8*y + 22. Calculate m(-3).
-11
Let j(k) = 7*k - 82. What is j(10)?
-12
Let g(o) = 5*o + 46. Give g(24).
166
Let z(b) = -b**3 + 10*b**2 - 22*b - 9. Determine z(5).
6
Let d(x) = 2*x**2 + 6*x + 3. Give d(-3).
3
Let q(s) = -s**3 + s**2 + 56*s - 5. Determine q(-7).
-5
Let q(b) = b**2 + 17*b + 31. Calculate q(-6).
-35
Let u(p) = 24*p + 10. Give u(-3).
-62
Let r(q) = -3*q**2 + q - 4. Calculate r(-3).
-34
Let z(h) = -h + 1. What is z(2)?
-1
Let m(o) = 7*o**3 + 2*o**2 - 2*o. Determine m(1).
7
Let n(a) = 2*a**3 + 42*a**2 - 47*a - 60. Give n(-22).
6
Let m(a) = a**3 + 5*a**2 - 24*a + 5. What is m(-8)?
5
Let t(c) = -c**3 - 5*c**2 + 6. Calculate t(-5).
6
Let a(s) = -s**3 + 5*s**2 - 9. What is a(5)?
-9
Let q(w) = 18*w**3 - 1. Give q(2).
143
Let l(y) = -205*y + 414. What is l(2)?
4
Let a(k) = 5*k. Determine a(-12).
-60
Let s(v) = 83*v - 3. Calculate s(2).
163
Let s(o) = -o**3 - 3*o**2 + 2. What is s(-2)?
-2
Let x(r) = r**3 - 13*r**2 - 16*r + 34. Calculate x(14).
6
Let x(o) = o**3 - 3*o**2 - 4*o + 6. Calculate x(5).
36
Let d(h) = -5*h - 75. Determine d(-16).
5
Let n(o) = o**2 - 4*o. Determine n(3).
-3
Let n(u) = 12*u - 2. Determine n(5).
58
Let l(i) = i**2 + 27*i + 37. What is l(-25)?
-13
Let t(u) = -3*u - 30. Calculate t(-15).
15
Let j(r) = r**3 + 5*r**2 - 8*r + 38. Give j(-7).
-4
Let w(i) = 4*i**2 + 7*i + 7. Determine w(-4).
43
Let g(c) = c**3 + 15*c**2 + 13*c - 9. What is g(-14)?
5
Let d(v) = v - 7. What is d(-3)?
-10
Let a(z) = z**3 + 9*z**2 + 10*z + 7. Calculate a(-7).
35
Let n(l) = -3*l + 4. Determine n(7).
-17
Let d(x) = 5*x**2 - 164*x - 33. Calculate d(33).
0
Let h(j) = -j**2 - 9*j + 64. Calculate h(4).
12
Let o(b) = -b**2 + 3*b - 7. Determine o(4).
-11
Let z(w) = w**2 + 2*w - 6. Give z(4).
18
Let r(k) = -9*k + 12. What is r(3)?
-15
Let j(r) = r**2 - 10*r + 7. What is j(9)?
-2
Let v(c) = c**3 + 10*c**2 + 24*c + 17. Give v(-7).
-4
Let y(z) = -3*z. Calculate y(-7).
21
Let m(j) = -j**2 - 2*j - 8. What is m(0)?
-8
Let l(n) = -n - 31. What is l(-11)?
-20
Let w(v) = -9*v + 1. Determine w(0).
1
Let x(y) = y - 4. Determine x(-9).
-13
Let w(m) = 2*m**3 + 22*m**2 + m + 7. Calculate w(-11).
-4
Let l(w) = -9*w**2 + 2*w - 1. Calculate l(1).
-8
Let a(i) = i**2 - 19*i - 60. Determine a(-3).
6
Let u(o) = -o**2 + 18*o + 34. Determine u(15).
79
Let k(z) = -z**3 + 3*z**2 + 5*z. Calculate k(5).
-25
Let r(l) = -21*l + 2. Determine r(-2).
44
Let l(b) = 3*b**2 + 6*b - 4. Give l(-4).
20
Let v(h) = 13*h + 153. Calculate v(-18).
-81
Let v(k) = k**2 + 43*k + 134. Give v(-41).
52
Let t(z) = -z**3 + 3*z**2 + 1. What is t(3)?
1
Let b(d) = -d**2 + d + 11. Give b(4).
-1
Let a(y) = y**2 + 2*y - 4. What is a(-6)?
20
Let c(s) = 30*s - 11. What is c(-6)?
-191
Let b(m) = 3*m**2 - 4*m. What is b(-5)?
95
Let r(i) = -i**3 - 2*i**2 + 9*i - 1. Determine r(-4).
-5
Let a(c) = -c**2 + 16*c + 23. Give a(17).
6
Let x(v) = v**3 - 2*v**2 - 2*v - 4. Calculate x(3).
-1
Let c(j) = -j - 11. Determine c(-14).
3
Let z(n) = 4*n**2 + 38*n + 3. What is z(-10)?
23
Let c(i) = 11*i + 1. Determine c(-1).
-10
Let n(z) = 6*z - 83. What is n(18)?
25
Let t(h) = -h**3 - 9*h**2 + 8*h + 23. Give t(-10).
43
Let u(n) = n**3 - 13*n**2 + 39*n - 12. Determine u(9).
15
Let k(m) = -m**2 + 16*m + 9. Determine k(0).
9
Let n(j) = -j**3 + 2*j**2 + 27*j - 3. What is n(6)?
15
Let p(d) = d**3 - 2*d**2 - 10*d - 2. Give p(-4).
-58
Let c(p) = 9*p + 18. Give c(-5).
-27
Let c(d) = -d**3 + 17*d**2 - 3*d + 49. What is c(17)?
-2
Let l(w) = 2*w**2 + 9*w + 4. Give l(-6).
22
Let b(h) = h**2 + 26*h + 45. Give b(-24).
-3
Let f(j) = -j**2 + 3*j + 5. What is f(-2)?
-5
Let z(l) = 2*l**2 + 3*l + 4. Give z(-3).
13
Let h(s) = s**2 + 15*s + 25. Give h(-13).
-1
Let v(r) = 68*r**3. Calculate v(-1).
-68
Let q(i) = -3*i**2 + i + 10. Calculate q(3).
-14
Let d(y) = y**3 + 13*y**2 + 15*y + 11. Determine d(-12).
-25
Let z(n) = -n**3 +